{"id":541,"date":"2023-07-17T12:17:27","date_gmt":"2023-07-17T12:17:27","guid":{"rendered":"https:\/\/avocationus.ro\/?page_id=541"},"modified":"2023-07-24T19:53:10","modified_gmt":"2023-07-24T19:53:10","slug":"aria-5","status":"publish","type":"page","link":"https:\/\/avocationus.ro\/?page_id=541","title":{"rendered":"Dreptul familiei"},"content":{"rendered":"\t\t<div data-elementor-type=\"wp-page\" data-elementor-id=\"541\" class=\"elementor elementor-541\">\n\t\t\t\t\t\t\t\t\t<section class=\"elementor-section elementor-top-section elementor-element elementor-element-7a75777 elementor-section-stretched elementor-section-boxed elementor-section-height-default elementor-section-height-default wpr-particle-no wpr-jarallax-no wpr-parallax-no wpr-sticky-section-no\" data-id=\"7a75777\" data-element_type=\"section\" data-settings=\"{&quot;stretch_section&quot;:&quot;section-stretched&quot;}\">\n\t\t\t\t\t\t<div class=\"elementor-container elementor-column-gap-default\">\n\t\t\t\t\t<div class=\"elementor-column elementor-col-100 elementor-top-column elementor-element elementor-element-085ebd9\" data-id=\"085ebd9\" data-element_type=\"column\">\n\t\t\t<div class=\"elementor-widget-wrap elementor-element-populated\">\n\t\t\t\t\t\t\t\t<div class=\"elementor-element elementor-element-8a6b72c elementor-widget elementor-widget-text-editor\" data-id=\"8a6b72c\" data-element_type=\"widget\" data-widget_type=\"text-editor.default\">\n\t\t\t\t<div class=\"elementor-widget-container\">\n\t\t\t<style>\/*! elementor - v3.14.0 - 26-06-2023 *\/\n.elementor-widget-text-editor.elementor-drop-cap-view-stacked .elementor-drop-cap{background-color:#69727d;color:#fff}.elementor-widget-text-editor.elementor-drop-cap-view-framed .elementor-drop-cap{color:#69727d;border:3px solid;background-color:transparent}.elementor-widget-text-editor:not(.elementor-drop-cap-view-default) .elementor-drop-cap{margin-top:8px}.elementor-widget-text-editor:not(.elementor-drop-cap-view-default) .elementor-drop-cap-letter{width:1em;height:1em}.elementor-widget-text-editor .elementor-drop-cap{float:left;text-align:center;line-height:1;font-size:50px}.elementor-widget-text-editor .elementor-drop-cap-letter{display:inline-block}<\/style>\t\t\t\t<p style=\"text-align: left;\"><img loading=\"lazy\" decoding=\"async\" class=\"wp-image-1785 size-full alignnone\" src=\"https:\/\/avocationus.ro\/wp-content\/uploads\/2023\/07\/pngwing.com_-e1690224912930.png\" alt=\"\" width=\"80\" height=\"80\" \/><\/p><p style=\"text-align: left;\"><span style=\"color: var( --e-global-color-09b8516 ); letter-spacing: 0.01em; background-color: var(--dt-whi-color);\">Consiliere, consultan\u021b\u0103, asisten\u021b\u0103 \u0219i reprezentare pentru solu\u021bionarea cu celeritate a litigilor ce privesc raporturile de c\u0103s\u0103torie, rudenie, etc.:<\/span><\/p><ul><li>Divor\u021b<\/li><li>Stabilire filia\u021bie<\/li><li>T\u0103gada paternit\u0103\u021bii<\/li><li>Autoritate p\u0103rinteasc\u0103<\/li><li>Pensie de \u00eentre\u021binere<\/li><\/ul><p>\u0219i altele<\/p>\t\t\t\t\t\t<\/div>\n\t\t\t\t<\/div>\n\t\t\t\t\t<\/div>\n\t\t<\/div>\n\t\t\t\t\t\t\t<\/div>\n\t\t<\/section>\n\t\t\t\t\t\t\t<\/div>\n\t\t","protected":false},"excerpt":{"rendered":"<p>Consiliere, consultan\u021b\u0103, asisten\u021b\u0103 \u0219i reprezentare pentru solu\u021bionarea cu celeritate a litigilor ce privesc raporturile de c\u0103s\u0103torie, rudenie, etc.: Divor\u021b Stabilire filia\u021bie T\u0103gada paternit\u0103\u021bii Autoritate p\u0103rinteasc\u0103 Pensie de \u00eentre\u021binere \u0219i altele<\/p>\n","protected":false},"author":1,"featured_media":0,"parent":0,"menu_order":0,"comment_status":"closed","ping_status":"closed","template":"","meta":{"_monsterinsights_skip_tracking":false,"_monsterinsights_sitenote_active":false,"_monsterinsights_sitenote_note":"","_monsterinsights_sitenote_category":0,"footnotes":""},"class_list":["post-541","page","type-page","status-publish","hentry"],"yoast_head":"<!-- This site is optimized with the Yoast SEO plugin v20.11 - https:\/\/yoast.com\/wordpress\/plugins\/seo\/ -->\n<title>Dreptul familiei - Cabinet de avocat Ionu\u0219<\/title>\n<meta name=\"robots\" content=\"index, follow, max-snippet:-1, max-image-preview:large, max-video-preview:-1\" \/>\n<link rel=\"canonical\" href=\"https:\/\/avocationus.ro\/?page_id=541\" \/>\n<meta property=\"og:locale\" content=\"en_US\" \/>\n<meta property=\"og:type\" content=\"article\" \/>\n<meta property=\"og:title\" content=\"Dreptul familiei - Cabinet de avocat Ionu\u0219\" \/>\n<meta property=\"og:description\" content=\"Consiliere, consultan\u021b\u0103, asisten\u021b\u0103 \u0219i reprezentare pentru solu\u021bionarea cu celeritate a litigilor ce privesc raporturile de c\u0103s\u0103torie, rudenie, etc.: Divor\u021b Stabilire filia\u021bie T\u0103gada paternit\u0103\u021bii Autoritate p\u0103rinteasc\u0103 Pensie de \u00eentre\u021binere \u0219i altele\" \/>\n<meta property=\"og:url\" content=\"https:\/\/avocationus.ro\/?page_id=541\" \/>\n<meta property=\"og:site_name\" content=\"Cabinet de avocat Ionu\u0219\" \/>\n<meta property=\"article:modified_time\" content=\"2023-07-24T19:53:10+00:00\" \/>\n<meta property=\"og:image\" content=\"https:\/\/avocationus.ro\/wp-content\/uploads\/2023\/07\/pngwing.com_-e1690224912930.png\" \/>\n<meta name=\"twitter:card\" content=\"summary_large_image\" \/>\n<meta name=\"twitter:label1\" content=\"Est. reading time\" \/>\n\t<meta name=\"twitter:data1\" content=\"1 minute\" \/>\n<script type=\"application\/ld+json\" class=\"yoast-schema-graph\">{\"@context\":\"https:\/\/schema.org\",\"@graph\":[{\"@type\":\"WebPage\",\"@id\":\"https:\/\/avocationus.ro\/?page_id=541\",\"url\":\"https:\/\/avocationus.ro\/?page_id=541\",\"name\":\"Dreptul familiei - Cabinet de avocat Ionu\u0219\",\"isPartOf\":{\"@id\":\"https:\/\/avocationus.ro\/#website\"},\"datePublished\":\"2023-07-17T12:17:27+00:00\",\"dateModified\":\"2023-07-24T19:53:10+00:00\",\"breadcrumb\":{\"@id\":\"https:\/\/avocationus.ro\/?page_id=541#breadcrumb\"},\"inLanguage\":\"en-US\",\"potentialAction\":[{\"@type\":\"ReadAction\",\"target\":[\"https:\/\/avocationus.ro\/?page_id=541\"]}]},{\"@type\":\"BreadcrumbList\",\"@id\":\"https:\/\/avocationus.ro\/?page_id=541#breadcrumb\",\"itemListElement\":[{\"@type\":\"ListItem\",\"position\":1,\"name\":\"Home\",\"item\":\"https:\/\/avocationus.ro\/\"},{\"@type\":\"ListItem\",\"position\":2,\"name\":\"Dreptul familiei\"}]},{\"@type\":\"WebSite\",\"@id\":\"https:\/\/avocationus.ro\/#website\",\"url\":\"https:\/\/avocationus.ro\/\",\"name\":\"Cabinet de avocat Ionu\u0219\",\"description\":\"Echilibru \u0219i Seriozitate\",\"publisher\":{\"@id\":\"https:\/\/avocationus.ro\/#organization\"},\"potentialAction\":[{\"@type\":\"SearchAction\",\"target\":{\"@type\":\"EntryPoint\",\"urlTemplate\":\"https:\/\/avocationus.ro\/?s={search_term_string}\"},\"query-input\":\"required name=search_term_string\"}],\"inLanguage\":\"en-US\"},{\"@type\":\"Organization\",\"@id\":\"https:\/\/avocationus.ro\/#organization\",\"name\":\"Cabinet de avocat Ionu\u0219\",\"url\":\"https:\/\/avocationus.ro\/\",\"logo\":{\"@type\":\"ImageObject\",\"inLanguage\":\"en-US\",\"@id\":\"https:\/\/avocationus.ro\/#\/schema\/logo\/image\/\",\"url\":\"https:\/\/avocationus.ro\/wp-content\/uploads\/2023\/07\/cropped-cropped-logo-2-1.png\",\"contentUrl\":\"https:\/\/avocationus.ro\/wp-content\/uploads\/2023\/07\/cropped-cropped-logo-2-1.png\",\"width\":813,\"height\":142,\"caption\":\"Cabinet de avocat Ionu\u0219\"},\"image\":{\"@id\":\"https:\/\/avocationus.ro\/#\/schema\/logo\/image\/\"}}]}<\/script>\n<!-- \/ Yoast SEO plugin. -->","yoast_head_json":{"title":"Dreptul familiei - Cabinet de avocat Ionu\u0219","robots":{"index":"index","follow":"follow","max-snippet":"max-snippet:-1","max-image-preview":"max-image-preview:large","max-video-preview":"max-video-preview:-1"},"canonical":"https:\/\/avocationus.ro\/?page_id=541","og_locale":"en_US","og_type":"article","og_title":"Dreptul familiei - Cabinet de avocat Ionu\u0219","og_description":"Consiliere, consultan\u021b\u0103, asisten\u021b\u0103 \u0219i reprezentare pentru solu\u021bionarea cu celeritate a litigilor ce privesc raporturile de c\u0103s\u0103torie, rudenie, etc.: Divor\u021b Stabilire filia\u021bie T\u0103gada paternit\u0103\u021bii Autoritate p\u0103rinteasc\u0103 Pensie de \u00eentre\u021binere \u0219i altele","og_url":"https:\/\/avocationus.ro\/?page_id=541","og_site_name":"Cabinet de avocat Ionu\u0219","article_modified_time":"2023-07-24T19:53:10+00:00","og_image":[{"url":"https:\/\/avocationus.ro\/wp-content\/uploads\/2023\/07\/pngwing.com_-e1690224912930.png"}],"twitter_card":"summary_large_image","twitter_misc":{"Est. reading time":"1 minute"},"schema":{"@context":"https:\/\/schema.org","@graph":[{"@type":"WebPage","@id":"https:\/\/avocationus.ro\/?page_id=541","url":"https:\/\/avocationus.ro\/?page_id=541","name":"Dreptul familiei - Cabinet de avocat Ionu\u0219","isPartOf":{"@id":"https:\/\/avocationus.ro\/#website"},"datePublished":"2023-07-17T12:17:27+00:00","dateModified":"2023-07-24T19:53:10+00:00","breadcrumb":{"@id":"https:\/\/avocationus.ro\/?page_id=541#breadcrumb"},"inLanguage":"en-US","potentialAction":[{"@type":"ReadAction","target":["https:\/\/avocationus.ro\/?page_id=541"]}]},{"@type":"BreadcrumbList","@id":"https:\/\/avocationus.ro\/?page_id=541#breadcrumb","itemListElement":[{"@type":"ListItem","position":1,"name":"Home","item":"https:\/\/avocationus.ro\/"},{"@type":"ListItem","position":2,"name":"Dreptul familiei"}]},{"@type":"WebSite","@id":"https:\/\/avocationus.ro\/#website","url":"https:\/\/avocationus.ro\/","name":"Cabinet de avocat Ionu\u0219","description":"Echilibru \u0219i Seriozitate","publisher":{"@id":"https:\/\/avocationus.ro\/#organization"},"potentialAction":[{"@type":"SearchAction","target":{"@type":"EntryPoint","urlTemplate":"https:\/\/avocationus.ro\/?s={search_term_string}"},"query-input":"required name=search_term_string"}],"inLanguage":"en-US"},{"@type":"Organization","@id":"https:\/\/avocationus.ro\/#organization","name":"Cabinet de avocat Ionu\u0219","url":"https:\/\/avocationus.ro\/","logo":{"@type":"ImageObject","inLanguage":"en-US","@id":"https:\/\/avocationus.ro\/#\/schema\/logo\/image\/","url":"https:\/\/avocationus.ro\/wp-content\/uploads\/2023\/07\/cropped-cropped-logo-2-1.png","contentUrl":"https:\/\/avocationus.ro\/wp-content\/uploads\/2023\/07\/cropped-cropped-logo-2-1.png","width":813,"height":142,"caption":"Cabinet de avocat Ionu\u0219"},"image":{"@id":"https:\/\/avocationus.ro\/#\/schema\/logo\/image\/"}}]}},"_links":{"self":[{"href":"https:\/\/avocationus.ro\/index.php?rest_route=\/wp\/v2\/pages\/541","targetHints":{"allow":["GET"]}}],"collection":[{"href":"https:\/\/avocationus.ro\/index.php?rest_route=\/wp\/v2\/pages"}],"about":[{"href":"https:\/\/avocationus.ro\/index.php?rest_route=\/wp\/v2\/types\/page"}],"author":[{"embeddable":true,"href":"https:\/\/avocationus.ro\/index.php?rest_route=\/wp\/v2\/users\/1"}],"replies":[{"embeddable":true,"href":"https:\/\/avocationus.ro\/index.php?rest_route=%2Fwp%2Fv2%2Fcomments&post=541"}],"version-history":[{"count":17,"href":"https:\/\/avocationus.ro\/index.php?rest_route=\/wp\/v2\/pages\/541\/revisions"}],"predecessor-version":[{"id":1867,"href":"https:\/\/avocationus.ro\/index.php?rest_route=\/wp\/v2\/pages\/541\/revisions\/1867"}],"wp:attachment":[{"href":"https:\/\/avocationus.ro\/index.php?rest_route=%2Fwp%2Fv2%2Fmedia&parent=541"}],"curies":[{"name":"wp","href":"https:\/\/api.w.org\/{rel}","templated":true}]}}